. Let g(d) be the second derivative of d**4/12 + 5*d**3/6 - 2*d + 58. Calculate g(a).
6
Let i = -19 + 39. Let w(h) = 13 + i - 35 + h. Determine w(6).
4
Let i(t) = 11*t**2 - t. Let l(q) = -44*q**2 + 5*q. Let v(b) = -9*i(b) - 2*l(b). Suppose 15*m - 7 = 22*m. Calculate v(m).
-10
Let u(a) = 5*a - 2. Let q be (-6)/8*-2*8/6. Determine u(q).
8
Let v(u) = -u**2 - 13*u - 1. Let m(c) = 4*c**2 + 40*c + 4. Let k(n) = -2*m(n) - 7*v(n). What is k(10)?
9
Let t(r) be the second derivative of -3*r**5/20 - r**4/12 + r**2/2 - 8*r. What is t(-1)?
3
Suppose -4*h - 2*k = 4, 2*h - 3*k + 2 = -0. Suppose -5*n = 5*d - 10, -d + 1 = -3*d + 3*n. Let v be (-16 - h)*d/(-3). Let b(r) = -r**2 + 5*r - 2. Calculate b(v).
-2
Let v(r) = r**2 + 4*r - 7. Let c be v(-5). Let i(d) = -d**3 + 2*d**2 + 3*d. Calculate i(c).
10
Let s(w) = w + 1. Let l be s(-5). Let m(n) = 2*n + 5. What is m(l)?
-3
Let c be 8/(-5) - 21/(-35). Let x(g) = -2*g**3 - 2*g**2 - 2*g - 1. Determine x(c).
1
Let u(i) = i**2 + 6*i - 4. Let j(r) = 3*r**2 + 12*r - 8. Let k(x) = -2*j(x) + 5*u(x). Give k(4).
4
Let t be -3 + 1 - 8/(-2). Let o(n) = 2*n**3 + 4 + 2*n + 5*n**t - n**3 + 0*n. Give o(-5).
-6
Let y(d) be the second derivative of -d**5/20 - d**4/3 + 7*d**3/6 + 3*d**2/2 - 11*d. Determine y(-5).
-7
Suppose -12*r - 12 = -9*r. Let z(m) = 6*m - 3. Give z(r).
-27
Suppose -20 = 5*u - u. Let y(x) be the first derivative of -7*x + 5/3*x**3 + 1/4*x**4 - 3 - x**2. Give y(u).
3
Let h(a) = a**2 + 6*a + 5. Let g(u) = -3*u**2 - 13*u - 11. Let i(n) = -2*g(n) - 5*h(n). Let j(b) = -b + 2. Let m be j(6). Let y = 1 - m. Calculate i(y).
2
Let p(k) be the second derivative of -k**5/20 + k**4/2 - k**3/3 - 5*k**2/2 + k - 27. Calculate p(5).
10
Let t(f) = -4 - 4*f - f**2 + 7 - 7 + 0. Give t(-3).
-1
Let v = 6 + -1. Let y(d) = -d**3 - 7*d**2 + 9*d + 11. Let j be y(-8). Let t(s) = j - 4*s - 4 - s**2 + 2*s**2. Give t(v).
4
Suppose 3*v = d + 9, 5*v - 14 = -2*d + 1. Let k = 8 - 4. Suppose -19 + 3 = 4*w + v*t, 0 = k*w - 2*t + 16. Let p(b) = -b**2 - 4*b + 4. What is p(w)?
4
Suppose 17*l - 6*l = 88. Let b(s) = s**2 - 8*s + 8. Determine b(l).
8
Let z = 11 - 7. Suppose k = -z*k. Suppose 10 = -4*c - 2*b, -2*b - 2 = -k*c + 2*c. Let s(n) = -n + 4. Determine s(c).
8
Let o(m) = 3*m - 4*m - 2*m**2 + m**2 + 5*m + 7. Determine o(6).
-5
Let d = 0 + 2. Let z(v) = 2*v**3 - v + 0*v + 3 - 3*v. Calculate z(d).
11
Suppose -2*q + 4*q - h - 2 = 0, -5*h - 25 = 5*q. Let w(v) = -5*v + 3. Let n(z) = -15*z + 8. Let j(k) = 4*n(k) - 11*w(k). Calculate j(q).
4
Let j = 13 + -10. Let p(i) = i**3 - 5*i**2 + 3*i - 4. Determine p(j).
-13
Let s(r) = 3*r - 1. Let t(d) = -6*d + 2. Let a(n) = -11*s(n) - 6*t(n). What is a(3)?
8
Let q(l) be the first derivative of l**4/4 + l**3/3 - l**2 + l + 3. Let v = 1 + 8. Let r be 6/v - 2/(-6). Determine q(r).
1
Let k(a) = -a**3 + 7*a**2 - 6*a + 2. Let s be k(6). Let m(d) = 3*d + 63*d**2 - 5 + d - 62*d**s. Determine m(-4).
-5
Let t(c) = 2*c**2 + 3*c + 2. Suppose -5*j = -0*j - 10. Suppose 2*l + 1 = -3*k + j, 0 = l + 2*k. Suppose -3*v = l*v + 10. Calculate t(v).
4
Let u be -1 - (-3)/(6/8). Suppose 0 = -5*r + 3*t + 16, 4 = -3*t - 2. Let y(n) = n - 4*n + 3 - 2 + r*n. Determine y(u).
-2
Suppose -1 = -5*j + 4. Let m = 3 - j. Let p be (1 - 6/m) + 7. Let x(a) = -a**2 + 5*a + 3. Calculate x(p).
3
Let r(w) = w - 2 + 2. Let k(s) = 4*s**2 + 6*s + 3. Let p(z) = -z**2 - z - 1. Let l(u) = -k(u) - 3*p(u). Let g be l(-4). What is r(g)?
-4
Suppose 0 = -d + 5*d - 8. Let f(x) = -3*x - x + 3*x + 4 + d. Calculate f(3).
3
Let f(q) be the second derivative of 1/2*q**2 + q + 0 - 1/6*q**3. Calculate f(0).
1
Let z(y) = -2*y**3 - 2*y + 2 + 521*y**2 - 524*y**2 + y**3. Calculate z(-2).
2
Suppose w + 3*n + 19 = 2*w, 4*w - 36 = 2*n. Let d(v) = v**2 - 4*v - 6. Determine d(w).
15
Suppose 1 = j - 0*j. Let m be (3/(-6))/(j/(-2)). Let u(q) = 4*q**3 - q**2 + 1. Determine u(m).
4
Let k(b) = 9*b**3 - b**2 - 12*b + 14. Let c(m) = 5*m**3 - 6*m + 7. Let v(s) = -7*c(s) + 4*k(s). Let q be (25/10)/(1/2). Give v(q).
2
Let i(f) be the third derivative of -f**5/60 - 7*f**4/24 - f**3 - 3*f**2. Let h be i(-6). Suppose l + 2*l + 6 = h. Let p(b) = b**2 - 1. Determine p(l).
3
Let h = 6 - 1. Let q(s) be the third derivative of s**6/120 - s**5/15 - 5*s**4/24 - 5*s**3/6 + 40*s**2. What is q(h)?
-5
Let b(u) = 11*u**3 + 18*u**2 + 15*u - 9. Let a(m) = 4*m**3 + 6*m**2 + 5*m - 3. Let s(v) = 8*a(v) - 3*b(v). Determine s(-5).
3
Let l be 39/12 + 2/(-8). Suppose 0 = 4*a + 3*s + 4, -l*a - 2 - 1 = -4*s. Let v(n) = -n**2 - 2*n - 1. Calculate v(a).
0
Suppose 0*y - 5*o = 2*y - 9, -4*o - 4 = -4*y. Let p(q) = q**3 - 4*q**2 - q + 2. What is p(y)?
-8
Let o(c) = 1. Let y(w) = w**2 - 6*w + 1. Let i(g) = -5*o(g) - y(g). Determine i(6).
-6
Let a(h) = -h**2 - 2*h + 4. Suppose -r + 5*f - 1 = -4*r, 5 = -5*r - 5*f. Determine a(r).
1
Let t(o) = -o**3 + 3*o**2 + o - 3. Let p be (3 + 0)*2/(-6). Let a = p - -4. Determine t(a).
0
Let k be (-35)/(-20) + (-1)/(-4). Suppose k*q - 3 = 2*z + 9, 4*z - q + 15 = 0. Let a(m) = 3*m + 4. What is a(z)?
-5
Suppose -5*i - 3*c + 13 = -i, -3*i + 4*c = 9. Suppose p = 1, 5*p + 6 = 4*u - i. Let y(s) = -s**3 + 0*s**u + 0*s**3. What is y(0)?
0
Let x(a) = -a**2 - 8*a - 7. Let b be (-96)/(-10) + 2/5. Suppose -k - 11 = 2*k - 5*q, 5*q + b = 0. Determine x(k).
0
Let a(l) = -l - 6. Let z(j) = j + 5. Let m(t) = 5*a(t) + 6*z(t). Suppose -3*q - u = -0*q - 9, 0 = 5*q + 2*u - 15. Calculate m(q).
3
Let u = -4 + 3. Let j(p) = 7*p**3 - p**2 + p + 1. What is j(u)?
-8
Let t(w) be the second derivative of w**5/24 - w**4/24 - w**3/6 + 10*w. Let i(u) be the second derivative of t(u). Calculate i(-2).
-11
Let x(j) = -j**3 + 3*j**2 + 2*j - 3. Let k(u) = -2*u + 10. Let q be k(3). Give x(q).
-11
Let n(y) = 3*y + 1. Let p be 5 - (2 + -2 - -1). Let k(u) = -4 - 11*u - 2*u + p*u. Let q(i) = 2*k(i) + 7*n(i). Calculate q(-1).
-4
Let k(z) = 2*z**2 + z + 2. Suppose 4*d + 16 = 2*a, 5*a - 2 - 11 = d. Calculate k(d).
17
Suppose 0 = 4*t - 4*f + 4, 1 = 5*t - f - 2. Let n = 3 - t. Suppose -n*m + 1 + 1 = 0. Let v(a) = -5*a**2 + a. Determine v(m).
-4
Let i(o) = -o**2 - o - 11. Let n be 6*1*(-5)/(-10). Suppose 2*c + n*c = 0. Give i(c).
-11
Let b(a) be the first derivative of -1 - a**2 + 6 - 3*a + 0*a + 2. What is b(-4)?
5
Let y(j) be the second derivative of -1/20*j**5 - 3/2*j**2 + 3*j + 0 - 1/4*j**4 - 5/6*j**3. Calculate y(-3).
12
Let c be 1/(-2)*24/(-2). Let g(u) = 3*u**2 + 2*u + 1. Let x be g(-1). Let z(f) = 9*f - 3*f - f + 4 - f**x. Give z(c).
-2
Let p be 2/(-8) - (-26)/8. Suppose -3*j + 3 = s, -p*j + 8*s = 3*s - 3. Let u(h) = 27*h + 7. Let v(q) = 13*q + 3. Let o(c) = -2*u(c) + 5*v(c). Calculate o(j).
12
Let m(k) be the first derivative of k**5/60 + k**4/4 + k**3/3 + k**2 - 1. Let q(s) be the second derivative of m(s). Let h = 6 + -11. What is q(h)?
-3
Let p = -3 - -2. Let t(o) = 4*o**2 - 3*o**2 + 4*o - o + 4*o**3 - 2*o. What is t(p)?
-4
Let b = 0 - -2. Suppose -4*x - 2*f + 3*f - 9 = 0, 4*x + 18 = -b*f. Let k(y) = -y**2 - 3*y + 1. Determine k(x).
1
Suppose -3*g = -8*g - 2*r + 11, -5*g + 7 = 4*r. Let w(d) = -g*d + 1 + d**3 + 5*d + 3*d**2 - 2*d**2. Let n = 8 - 9. What is w(n)?
-1
Let o be ((-24)/(-18))/((-1)/(-3)). Let y(a) = 4*a + o - 4*a + 2*a - a. Determine y(-5).
-1
Let d(n) = 2*n**3 - 3*n**2 + 3*n - 1. Suppose -10 = -5*h + 2*g + g, 2 = h - 4*g. Determine d(h).
9
Let c(z) = z**2 + 12*z + 15. Let s be c(-10). Let y(f) = f**2 + 5*f - 2. What is y(s)?
-2
Suppose 14 = -9*x + 2*x. Let u be 6/8 - (-2)/8. Let j(n) = u - 5 + 3 + n. Give j(x).
-3
Let z(l) = -1 + 12*l - 7*l + 5*l. Suppose -4*f - 5 + 20 = -v, 5*v = -2*f + 13. Calculate z(v).
9
Let n = -1 - -5. Suppose -3*l = -5*l - n. Let g(i) be the second derivative of -i**4/6 - i**3/6 + 3*i. Calculate g(l).
-6
Let x = -2 + 2. Let d(k) = 4 + x - 1 + k. Let p be (-150)/90*1*3. Calculate d(p).
-2
Let z = 5 - 2. Let j(y) = -y - 1. Let g(i) = -4*i - 6. Let r(q) = 3*g(q) - 16*j(q). What is r(z)?
10
Let a(r) = -2*r. Let t be a(0). Let o(p) be the third derivative of 4*p**2 + t*p - 1/6*p**3 + 0 - 1/4*p**4. Give o(-1).
5
Let l(t) = t**2 + 4*t - 3. Suppose 3*u - 3*h = -0*u - 18, 4*u - 8 = -4*h. Let n(k) = -k**2 + 2*k + 3. Let o be n(u). Calculate l(o).
2
Suppose 5*j = 10, 5*f + 4 + 8 = -4*j. Let z(v) = -v. Give z(f).
4
Let x(t) = 6*t. Let z(i) = 5*i. Let o(d) = 3*x(d) - 4*z(d). Let a = -2 + 0. Let g